5. Give s(m).
-2
Let j(g) = 4*g**2 + g + 1. Suppose 20*a = 85 - 5. Suppose 5*m - h + 8 = 1, -a*m + h = 6. Calculate j(m).
4
Let f(b) = 8*b - 7*b + 3*b**3 + 285*b**2 - 283*b**2 - 2*b**3. Suppose 0*s - 4 = 2*s. Calculate f(s).
-2
Let k(v) be the second derivative of v**3/2 - 18*v**2 - 121*v - 2. Calculate k(13).
3
Let t(l) be the third derivative of -l**6/120 + l**5/15 + 11*l**4/24 - 11*l**3/6 + 1030*l**2. Give t(5).
19
Let n(b) be the first derivative of b**4/4 - 2*b**3 + 5*b**2/2 + 10*b + 1277. Determine n(5).
10
Let c(q) = -8*q - 42. Let u(l) = -l**3 - 13*l**2 - 35*l - 54. Let a be u(-10). What is c(a)?
-10
Let y(w) = -11*w - 6. Let t(v) = 28*v + 12. Let z(u) = -2*t(u) - 5*y(u). Calculate z(3).
3
Let i(s) be the third derivative of -19*s**6/40 + s**5/60 - s**4/24 - 6*s**2 + 65. What is i(1)?
-57
Let o(x) = -5*x + 23. Suppose -6*q + 2*q = -5*k - 20, 2*k = q - 8. Calculate o(q).
23
Let g(d) be the first derivative of -30*d - 1/4*d**4 - 15/2*d**2 - 13/3*d**3 - 112. What is g(-12)?
6
Let l(s) = 18*s - 63. Let q = -5624 - -5627. What is l(q)?
-9
Let d(u) be the first derivative of u**3/3 + 3*u**2 + 17*u - 44. Let o be d(-4). Let f(p) = -p. Determine f(o).
-9
Let m(w) = -w**2 + 4*w + 4. Suppose 2*o = 0, 4*o + 1 = -h - 0. Let a be m(h). Let q(d) = -2*d - 2*d - 2*d. Calculate q(a).
6
Let c = 515 + -498. Suppose 7*k - 90 = c*k. Let j(u) = u**3 + 8*u**2 - 9*u + 6. What is j(k)?
6
Let l(u) = -22*u - 15. Let g(s) = 133*s + 95. Let o(h) = -3*g(h) - 19*l(h). Let x = 424 + -423. Give o(x).
19
Let p(y) be the second derivative of 1 - 5/2*y**2 + 4/3*y**3 - 21*y + 1/12*y**4. What is p(-5)?
-20
Let c be ((-3)/(-2)*(-1428)/126 + -1)/((-4)/(-2)). Let w(x) be the third derivative of -x**4/8 - 13*x**3/6 - x**2. What is w(c)?
14
Let i(p) = 3 - 2*p**2 + 2 - 6 - 2 + 4*p**2. Suppose -2*t - 21 = 5*t. Calculate i(t).
15
Let p(q) = q + 7. Suppose 8*u + 10 = a + 3*u, 5*a = -u + 24. Suppose 5*h - a = 5. Suppose -k - 2*i + 7*i + 12 = 0, h*i - 9 = 5*k. Give p(k).
4
Let z(q) = -2*q + 9. Let s(u) = 5*u - 8. Let d be s(8). Let k = d + -38. Let i(a) = -a. Let y(w) = k*i(w) + z(w). Give y(-6).
-15
Let t(x) = x**2 - 19*x - 180. Let b be -2 + (-143)/13 + 6. What is t(b)?
2
Suppose 6 = -4*s - 3*b, -4 = -s - 139*b + 141*b. Let q(x) = 4*x - 67. Give q(s).
-67
Let v(m) = -m + 9. Let c(q) = -q**3 - 6*q**2 - 7*q - 7. Let s be c(-5). Suppose s*u - 5*r - 38 = 0, -r + 6 = -u - 4*r. Calculate v(u).
3
Let b be ((-20)/8 - -3)/(2/(-8)). Let w(o) be the third derivative of o**5/60 + o**4/24 + o**3/2 - 3*o**2 - 6*o. Give w(b).
5
Let t(j) = -4 - 25*j + 7*j + 11 + 5*j**2. Let i be t(7). Let k(u) = -i - 2*u + 126. Calculate k(-5).
10
Let n(i) = -13*i + 11. Let d(p) = -7*p + 1. Let s(f) = 2*d(f) - n(f). Let h(u) = 5*u + 3. Let a be h(-3). Calculate s(a).
3
Let r(a) = 189*a + 864. Let x(z) = -23*z - 108. Let b(n) = -4*r(n) - 33*x(n). Determine b(-31).
15
Let a(z) be the first derivative of z**4/4 - 8*z**3/3 + 3*z**2 - 3*z - 17398. Let t(n) = -n + 12. Let c be t(5). What is a(c)?
-10
Suppose -4*p = 5*s + 55, -3*p - 11 = -4*s - 55. Let l(c) be the third derivative of c**5/60 + 5*c**4/12 - c**3/3 + c**2. Give l(s).
9
Suppose -p + 70 = 75. Let c(b) be the second derivative of b**5/20 + 5*b**4/12 + b**3/3 + b**2/2 + 13*b. Calculate c(p).
-9
Let m(w) be the first derivative of -2*w**3/3 + 11*w**2/2 - 21*w - 2600. Determine m(5).
-16
Let l(p) = -16*p + 62. Let g(u) = -u + 53. Let v(i) = -3*g(i) + l(i). Determine v(-9).
20
Let b be (-78)/(-5) - -1 - 6/(-15). Let d = -19 + b. Let o(a) = -a - 3. Let l(h) = -h - 1. Let u(x) = d*l(x) + o(x). Give u(9).
8
Let c(p) be the third derivative of -p**7/2520 + p**6/144 - 3*p**4/4 + 3*p**2 + 25*p. Let u(z) be the second derivative of c(z). What is u(3)?
6
Let i(d) = -2*d - 2*d**2 + d**3 + d - 10 + d**2 - 2*d**3. Let v = -142 + 147. Suppose v = 5*y + u, -7 = -u - 2. Calculate i(y).
-10
Let r(g) = -35*g + 3. Let a = 707 - 705. Determine r(a).
-67
Let p(y) = 2*y**2 - 16*y + 11. Let j be p(8). Suppose 19 = s + j. Let i(x) = -x**3 + 8*x**2 - x + 8. What is i(s)?
0
Suppose s + 5*t = 14, t = 56 - 54. Let w(x) = x**3 - 4*x**2 + x - 3. Give w(s).
1
Let p(t) = -26*t**3 + 16*t**2 + 7. Let d(n) = -11*n**3 + 8*n**2 + 4. Suppose -18*w + 132 = -62*w. Let l(o) = w*p(o) + 7*d(o). Let k = -13 - -5. Calculate l(k).
7
Let x(t) = t + 1. Let z be (-482)/(-10) - 6/30. Suppose -86*g - 3360 = -26*g. Let s = z + g. Give x(s).
-7
Let m(k) = -k**2 + 8*k - 21. Let s be m(5). Let r be (s/5)/(177/60 + -3). Let t = -26 + r. Let a(h) = -7*h**2 - h + 1. Determine a(t).
-25
Let z(x) be the first derivative of -x**2 - 7*x + 1269. Let v = 22 - 18. Suppose 3*j + 14 = -v. Give z(j).
5
Let o(m) be the third derivative of -m**6/120 - m**5/15 - m**4/24 + 503*m**2. Determine o(-2).
-6
Let r(q) = 7*q + 35. Let y be r(-5). Suppose y = -3*u - v - 2, -5*v = -u - u - 7. Let x(b) = -17*b**2 - 2*b - 1. Calculate x(u).
-16
Let r = 17063 - 17061. Let d(z) = -5*z**2 + 2*z - 6. What is d(r)?
-22
Let n(i) = -i - 1. Let w(c) = -c**2 + 7*c - 20. Let x be w(6). Let b = x - 31. Let t be (-5)/2*(-72)/b. What is n(t)?
3
Suppose -4*z - 576 + 588 = 0. Let r(a) = 3*a + 1. What is r(z)?
10
Let l = 9 + -5. Suppose -l*y - 10 = y. Let p(x) be the first derivative of x**3/3 - 2*x**2 - 3*x - 42199. Give p(y).
9
Let w(d) = -d**2 - 4*d - 6. Suppose 393 = 18*i - 165. Suppose i*p + 14 = -79. Determine w(p).
-3
Let u(k) = -k**3 + 3*k**2 - 2*k + 1. Suppose 0 = 3*r, -4*p + 0*r + 20 = 4*r. Let z be (p - 4) + (0 - -3). Let l be 3*z/84*2*7. Calculate u(l).
1
Let f(g) = -g**2 - 7*g + 2. Let h = 464 + -328. Suppose -36*n = -19*n + h. Give f(n).
-6
Suppose 12 = -4*s + 8. Let u(i) be the third derivative of i**4/4 - i**3/6 + 1287*i**2. Calculate u(s).
-7
Let m(t) be the first derivative of -6*t**2 - t + 26334. Let s(w) = w**3 - 4*w**2 - 5*w - 1. Let a = 18 - 13. Let d be s(a). Give m(d).
11
Let h(f) = f + 39 - 12 + 0*f - 15*f + 4. Determine h(2).
3
Let g be 2418/341 - (-1)/(-11). Let p(b) = b**2 - 8*b + 31. Determine p(g).
24
Let m = -182 + 184. Let t(x) = 26*x - 10 - m - 29*x - 19 - 5. What is t(-15)?
9
Suppose 5*a - 2*z = 142, -3*z = -3*a + 137 - 50. Let q(t) = 12 - 16*t + 17 - a. Suppose -2*c + 5 = 3*c. Determine q(c).
-15
Let f(z) be the third derivative of -z**8/20160 + z**7/840 + z**6/120 + z**5/60 + 4*z**3/3 - z**2 - 85. Let m(y) be the third derivative of f(y). Give m(6).
6
Let g(z) = z**2 - 6*z - 4. Let l be (144/50 - 3)*-5 - (-212)/(-20). Let d(b) = 4 - b - 7 - b**3 - 10*b**2 + 1. Let h be d(l). Determine g(h).
12
Let m(a) be the first derivative of 3*a**2/2 + 2*a + 47. Let k be (-8)/12*(-4 + 7) + -2. Calculate m(k).
-10
Let z = 7 - 11. Let v(h) = h - 31 - 9 - 9 - 9 - 7 + 66. Determine v(z).
-3
Let v(t) = -t**3 - 5*t**2 - 8*t - 5. Suppose 4*h = -3*r + r + 26, -5*h = -5*r + 5. Suppose 6 = -2*j - z, -r*j + 0*z = -2*z + 33. Calculate v(j).
35
Let o(w) = -7*w + 9. Suppose -15 = 5*t + 5*a, -12 = 5*a + 3. Let l(h) = -10 + t - 16 + 19*h + h. Let b(d) = 6*l(d) + 17*o(d). Give b(0).
-3
Let u(y) = -16*y - 6728 + 6721 + 17*y. What is u(30)?
23
Suppose 5*a - 31 = -4*s, -32 = -4*a - 0*a - 5*s. Let u(z) = 18*z - 82*z + 21*z + 24*z - 1 + 25*z. Calculate u(a).
17
Let s(m) = -2*m**2 - 9*m + 11. Let n(i) = 3*i**2 + 13*i - 18. Let x(q) = -3*n(q) - 5*s(q). Determine x(-2).
-9
Let r(o) = -o**3 + 7*o**2 - 2. Let k be (257/514)/((-2)/(-28)). Give r(k).
-2
Let g be 58*(2/14)/(2/7). Suppose 4*t + 24 = -0*q + 4*q, q + g = -4*t. Let u(c) = 3 - 10 - 27*c + 45*c - 20*c. Determine u(t).
7
Let m(q) = q**2 - 7*q - 2. Let f be m(7). Let t = f + 5. Let o(d) = -5*d**3 + 3*d**3 - 7*d + 4*d**t - 3*d**3 + 8*d**2 + 7. Calculate o(7).
7
Let p(g) be the third derivative of g**4/24 - g**3/6 + g**2. Let k(z) = z**2 - 11*z + 4. Let s = -14 - -10. Let q(f) = s*p(f) - k(f). What is q(7)?
0
Let u(y) = 2461 - 2374 - 14*y + 2*y. Let a(x) = 5*x - 42. Let z(r) = 5*a(r) + 2*u(r). Give z(0).
-36
Let w(l) be the third derivative of l**6/40 - l**5/20 - l**4/24 + l**3/3 - 34*l**2. Let d be (-12)/7*(-63)/9. Suppose -d = m - 7*m. Calculate w(m).
12
Let b(k) = 7*k**2 + 14*k + 2. Suppose -12*m + 16*m + 3*v = 1, 0 = -v - 5. Let s(p) = 9*p**2 + 15*p + 1. Let f(i) = m*s(i) - 5*b(i). What is f(10)?
-6
Let s(u) = 32*u + 1. Let l(k) = -k - 6. Let b be 2/11 + (-627)/121. Let t be l(b). Determine s(t).
-31
